3*h - 5 - 1, h + 24 = 2*c. What is the greatest common divisor of 99 and c?
11
Let d = 21 + -15. Suppose 5*n + a = -0*n + 20, 2*n - 2*a + 4 = 0. What is the highest common divisor of d and n?
3
Let p(g) = -g**3 + 6*g**2 - 4*g - 3. Let o be p(5). Let n(a) = 2*a + 10. Let j be n(-11). Let h = j - -14. Calculate the highest common divisor of h and o.
2
Let h be (-1 + 6)*192/15. Let s = 2 + 6. What is the highest common divisor of s and h?
8
Let z = 0 + 1. Let i be 1 + (66 - 2) + z. Calculate the highest common factor of 6 and i.
6
Let m(s) = 26*s - 2. Let z be m(1). Calculate the highest common factor of 3 and z.
3
Suppose 210 = -3*r + r + 5*p, 20 = 5*p. Suppose 3*k = 2*g - 143, 4*g = -5*k + 35 - 310. Let t = k - r. What is the greatest common factor of 11 and t?
11
Suppose -2*d - 4*g = 4, 4*d + g = -28 - 1. Let f be 1*(-4)/d*14. Calculate the greatest common divisor of f and 77.
7
Let w be (-416)/(-20) - 1/(-5). What is the highest common divisor of 7 and w?
7
Let u(b) = b + 7. Let k be u(8). Suppose -i - 2*n - 14 = -7*n, -i - n = -10. Calculate the highest common divisor of i and k.
3
Let b(i) = -4*i**3 + 2*i + 1. Let f = -4 + 3. Let t be b(f). Suppose -t*k + v = -215, 71 + 74 = 2*k + v. What is the greatest common factor of k and 8?
8
Let b(v) be the first derivative of 19*v**3/3 - v**2/2 - 1. Let h be b(-1). Calculate the highest common divisor of h and 50.
10
Let g = 3 + -3. Suppose 2*q - 68 = -g*q - 4*k, -q = -2*k - 30. What is the greatest common factor of 4 and q?
4
Suppose -5*h - 14 = -0*o + 2*o, -3*h - 4*o = 0. Let s be h/2 - (-56)/2. Let r = 33 + -20. Calculate the highest common divisor of r and s.
13
Let w be (-890)/25*10/(-4). Let x = w + -2. What is the greatest common factor of x and 29?
29
Suppose 0 = -u - u - 6. Let y be -8*u/(9/66). Calculate the greatest common factor of y and 22.
22
Suppose -8*y + 99 = -9*y. Let i = y + 143. Calculate the highest common factor of i and 11.
11
Let v be ((-3)/9)/(2/(-30)). Let r = -38 - -78. What is the highest common divisor of r and v?
5
Let n be (4 - 1)*(-4)/(-3). Let d be ((-1)/(-3) - 1)*-6. Let k(v) = 2*v**2 - 2*v - 4. Let a be k(d). What is the highest common divisor of a and n?
4
Let s = 30 - 20. Suppose -15 = -8*m + 1. Calculate the highest common divisor of s and m.
2
Let r be 3*14 + (2 - 0). Calculate the highest common divisor of r and 11.
11
Let h be 66*(5/(-2))/5. Let p = 49 + h. Suppose -4*z - 3*g = -17, 10 + 55 = 5*z - 5*g. Calculate the greatest common factor of p and z.
8
Suppose 8 = 4*a, -4*u = -u - 5*a - 32. Let y = -63 - -119. Suppose l + l = y. Calculate the greatest common divisor of l and u.
14
Let c be ((-7)/21)/(1/(-105)). Calculate the highest common factor of 7 and c.
7
Let w(i) = -8*i - 1. Let b(n) = -n**3 + n**2 + 3*n - 3. Let o be b(2). Let p be w(o). Calculate the highest common divisor of 49 and p.
7
Let d = -13 - -8. Let h = -3 - d. Suppose -4*g + 470 = -5*t, -2*g = t - h*t - 238. Calculate the greatest common factor of 15 and g.
15
Let r(t) = 2*t + 6. Let n be r(-5). Let o be 4/3*(-6)/n. Let c = 4 - o. Calculate the highest common divisor of 1 and c.
1
Let q(v) = v**2 + 5*v + 5. Let t be q(-5). Let j be 14 - (1 + t)/(-3). Calculate the highest common factor of j and 24.
8
Let f(i) = -i**3 - 3*i**2 + 6*i - 4. Let u be f(-5). Suppose 9 = 2*a - a. Let z be (-1 - -3) + a + -9. Calculate the highest common divisor of z and u.
2
Suppose -3*w = -6 - 30. What is the highest common divisor of w and 48?
12
Suppose 3*g + 4 = 85. Let t = 47 - 44. What is the highest common divisor of t and g?
3
Let r(b) = 1 + 2*b - 5 + 1 - 3*b. Let t be r(-5). Calculate the highest common factor of 1 and t.
1
Let x(z) = -z. Let f(u) = -u. Let y(c) = -3*f(c) + 4*x(c). Let b be y(2). Let s be (b + -2)*(-3)/2. Calculate the highest common divisor of s and 42.
6
Let p(y) = y - 5. Let h be p(6). Let b be (-46)/(-4) + (-2)/4. What is the greatest common factor of h and b?
1
Let g(v) be the third derivative of -v**4/3 - v**3/6 + 3*v**2. Let y be g(-7). What is the highest common factor of 11 and y?
11
Let v(u) = u**2 - 3*u - 2. Let b be v(3). Let g be (-163)/(-5) + b/(-5). Calculate the highest common divisor of g and 22.
11
Let n(f) = -f + 21. Let w be n(9). Calculate the greatest common factor of 18 and w.
6
Suppose l = 7 + 12. Calculate the highest common factor of l and 152.
19
Let x(q) = q**3 - 12*q**2 + 12*q - 4. Let o be x(11). Let j be 21*o/(21/4). Calculate the greatest common divisor of j and 4.
4
Let p = 0 - -3. Suppose p - 1 = k. Let d be 4 + (-1 + k)/(-1). What is the highest common divisor of d and 9?
3
Let q = 122 - 76. Let s = 67 - q. Calculate the greatest common factor of s and 3.
3
Suppose -23 = -7*v + 6*v. What is the highest common factor of v and 69?
23
Let d(o) = 2*o**2 - 4*o + 2. Let f be (-2)/5 + 132/30. Let b be d(f). Suppose -3*w + 0*w + b = 0. Calculate the greatest common factor of 48 and w.
6
Suppose 4*h = -59 - 29. Let o be (-4)/h + 5012/22. Let d be (2/(-6))/((-4)/o). Calculate the greatest common divisor of 209 and d.
19
Suppose -2*g = 2*g - 24. What is the highest common factor of g and 54?
6
Let y be (-66)/(-4)*(-16)/(-24). Suppose 0 = -5*o + s + 53, -4*o - 2*s + 15 = -3*o. What is the highest common divisor of o and y?
11
Let i be 6 + 0/(-1)*1. Suppose -i*o = -o - 45. Suppose 0*k - 5*k + 15 = 0. Calculate the highest common divisor of k and o.
3
Suppose -10 = 3*u - 28. Calculate the highest common factor of u and 30.
6
Let i = -136 - -145. What is the highest common factor of i and 9?
9
Let t = 2 - -32. Suppose -p + 47 = 3*s, -3*s = -s + 2*p - t. What is the highest common divisor of s and 105?
15
Suppose 3*w - 99 = -w - 3*q, -23 = -w + q. Calculate the greatest common factor of 24 and w.
24
Suppose -2*l = -0*l - 32. Suppose 0 = 5*b - l - 44. Calculate the highest common divisor of 18 and b.
6
Suppose n = 6*f - 3*f + 32, 12 = -f + n. Let x = f - -20. What is the greatest common divisor of x and 70?
10
Let s(t) = -2*t - 14. Let v be s(-8). Suppose -3*p - o = -182, 0 = -p + v*o - o + 58. What is the highest common factor of 6 and p?
6
Let r(h) = h**3 + 7*h**2 + 6*h + 2. Let n be r(-6). Suppose n*g - 6 - 30 = 0. What is the highest common divisor of g and 54?
18
Suppose 4*v - 777 = 7. Calculate the highest common factor of 28 and v.
28
Let x be -69 - (-1 - 1/(-1)). Let m be 4/2 - -1 - -94. Let z = x + m. Calculate the highest common factor of 14 and z.
14
Let o be 2/(-6) - (-1060)/12. Calculate the greatest common divisor of o and 11.
11
Let p = 312 - 182. Suppose 3*l - 530 = -4*k + l, -2*l = -k + p. Suppose -14 + 38 = 2*t. Calculate the highest common factor of k and t.
12
Let k(s) = s - 2. Let o be k(5). Suppose 15 = o*v - 9. Calculate the greatest common factor of 1 and v.
1
Suppose 4*n = 3*j + 20, 2*n - 20 = 2*j + 2*j. Let q(m) = -3*m + 7*m**2 + 0*m**2 - m**2. Let r be q(n). Calculate the highest common divisor of r and 9.
9
Suppose 3*z + 11 = c, -4*c - z = -2*c - 43. Suppose 5*q = -0 + 25. Calculate the highest common divisor of q and c.
5
Let f(y) = y**2 - 2*y - 1. Let j be f(-1). Suppose -5*o + 56 = j*o. Calculate the highest common divisor of 4 and o.
4
Suppose 2*w + 5*p - 113 = 0, 4*p - 232 = -6*w + 2*w. Suppose -5*j + 31 = -w. Calculate the highest common divisor of 2 and j.
2
Let h(t) = -29*t**3 - t**2 - 3*t - 1. Let q be h(-1). What is the greatest common factor of 20 and q?
10
Let l(v) = v**2 + 8*v + 2. Let w be l(-8). Suppose w*r - 4 + 2 = 0. Let u be r/(1/18) - 3. What is the greatest common divisor of 15 and u?
15
Let f(d) = 2*d**2 - 2*d - 4. Let a be f(3). Let y = a - -6. What is the highest common factor of y and 2?
2
Let c(m) be the second derivative of -m**4/12 - 3*m**3/2 - 2*m**2 - 2*m. Let w be c(-5). Calculate the highest common factor of 2 and w.
2
Let d(s) = -17*s**2 + 1. Let v be d(-1). Let g = v - -27. Let f(i) = -7*i**3 - 2*i**2 + 2*i. Let r be f(-2). Calculate the highest common divisor of g and r.
11
Let t be (-129)/(-2) - (-1)/2. Suppose 3*s - 35 = 4*s. Let g be (-465)/s - 4/14. What is the greatest common factor of g and t?
13
Let a(z) = -25*z + 2. Let m be a(-2). Let o = -25 + m. What is the highest common divisor of o and 3?
3
Let d = -14 + 3. Let f = d + 28. What is the greatest common divisor of 85 and f?
17
Let m(q) = 8*q*